{"id":161,"date":"2026-03-01T03:06:29","date_gmt":"2026-03-01T03:06:29","guid":{"rendered":"https:\/\/railtrip.si\/?page_id=161"},"modified":"2026-03-02T00:55:50","modified_gmt":"2026-03-02T00:55:50","slug":"carobna-apulija","status":"publish","type":"page","link":"https:\/\/railtrip.si\/index.php\/carobna-apulija\/","title":{"rendered":"\u010cAROBNA APULIJA"},"content":{"rendered":"\n<p class=\"has-text-align-center has-extra-large-font-size\"><strong>KRALJEVSKO DOPUSTOVANJE OB PE\u0160\u010cENIH PLA\u017dAH IN BELIH MESTIH<\/strong><\/p>\n\n\n\n<p class=\"has-text-align-center has-large-font-size\"><strong>7. 7. \u2013 15. 7. 2026<\/strong><\/p>\n\n\n\n<p class=\"has-text-align-center has-foreground-color has-text-color has-link-color wp-elements-6537bfc4d22caaa892c82fa861af0679\"><strong>Ste pripravljeni na potovanje, kjer se \u010das upo\u010dasni ob \u0161umu valov in ritmu tirnic? Pozabite na nenehno pakiranje kov\u010dkov, selitve med hoteli in vro\u010dino v avtobusih. Agencija RailTrip vas vabi, da do\u017eivite peto italijanskega \u0161kornja tako, kot se spodobi \u2013 spro\u0161\u010deno, presti\u017eno in z eno samo bazo v o\u010darljivem obmorskem biseru Monopoli. Od skrivnostne Matere do baro\u010dnega Lecceja, vse na dosegu roke z udobnimi vlaki, medtem ko va\u0161 kov\u010dek varno po\u010diva v isti hotelski sobi skozi celoten dopust.<\/strong> <strong>To je Apulija v svojem najlep\u0161em poletnem siju, kjer je vsak izlet le kratek skok z vlaka, vsak ve\u010der pa prilo\u017enost za ve\u010derjo v starem pristani\u0161\u010du.<\/strong><\/p>\n\n\n\n<p class=\"has-text-align-left\"><strong>1. DAN: TOREK (7. 7. 2026) POT PROTI JUGU POD ZVEZDAMI<\/strong><\/p>\n\n\n\n<p class=\"has-foreground-color has-text-color has-link-color wp-elements-1d8b6c453e693c3f5731e588b0a2dc22\">Na\u0161a pustolov\u0161\u010dina se za\u010dne v poznih popoldanskih urah z zbiranjem potnikov na slovenskih postajah. Potovanje pri\u010dnemo z odhodom iz Ljubljane ob 17.50, pot nadaljujemo \u010dez Celje ob 19.15 in Maribor ob 20.32. Pot nas vodi proti Gradcu, kjer se vkrcamo na sodoben no\u010dni vlak. Namestimo se na udobne sede\u017ee, medtem ko nas ritem tirnic zaziblje v teden, ki bo di\u0161al po morju in oljkah. Po \u017eelji in z dopla\u010dilom si lahko udobje na potovanju do Bologne pove\u010date z namestitvijo v spalne kabine.<\/p>\n\n\n\n<p><strong>2. DAN: SREDA (8. 7. 2026) PRIHOD V APULIJSKI RAJ<\/strong><\/p>\n\n\n\n<p>Prebujanje ob pogledih na italijansko pokrajino. Zgodaj zjutraj prispemo v Bologno, kjer si bomo vzeli \u010das za osve\u017eitev, pravi italijanski zajtrk in prvi avtenti\u010dni cappuccino. Po postanku u\u017eivamo v razgledih, ko na\u0161 vlak drsi ob jadranski obali mimo Riminija, Ancone, Barija&#8230; Ko v popoldanskem soncu zagledamo turkizno obzorje in sne\u017eno bele fasade Monopolija, bomo za\u010dutili, da se pravi dopust \u0161ele za\u010denja. Prvi vdih slanega zraka v starem pristani\u0161\u010du bo tisti trenutek, ko bodo vse skrbi ostale dale\u010d za nami. Le kratek sprehod nas lo\u010di od hotela 4* v bli\u017eini starega jedra. Po namestitvi sledi prvi sprehod med sne\u017eno belimi uli\u010dicami in individualna ve\u010derja ob \u0161umu valov v starem pristani\u0161\u010du. No\u010ditev.<\/p>\n\n\n\n<p><\/p>\n\n\n\n<p><strong>3. DAN: \u010cETRTEK (9. 7. 2026) DOPOLDANSKI SKOK V MORJE IN VE\u010cERNI BARI<\/strong><\/p>\n\n\n\n<p class=\"has-foreground-color has-text-color has-link-color wp-elements-f22b5b03062ad228248552e6031adc07\">Po zajtrku si privo\u0161\u010dimo povsem spro\u0161\u010deno dopoldne na eni izmed mestnih pla\u017e Monopolija. Ko se opoldanska vro\u010dina umiri, se ob 16.20 z vlakom zapeljemo v prestolnico Bari. Po kratkem sprehodu skozi elegantno \u010detrt Murat bomo vstopili v labirint starega mesta (<em>Bari Vecchia<\/em>). Obiskali bomo baziliko sv. Nikolaja in opazovali gospe, ki na ulici ro\u010dno izdelujejo testenine. Ve\u010der bomo pre\u017eiveli kot pravi doma\u010dini \u2013 ob \u017eivahnem utripu promenade in ve\u010derji v srcu starega mesta. Povratek v Monopoli v ve\u010dernih urah. No\u010ditev.<\/p>\n\n\n\n<p><strong>4. DAN: PETEK (10. 7. 2026) MATERA \u2013 MESTO V SKALI (UNESCO)<\/strong><\/p>\n\n\n\n<p class=\"has-foreground-color has-text-color has-link-color wp-elements-919226533f6b762240a90d540ac75a12\">Po zajtrku se podamo na celodnevno potovanje v notranjost de\u017eele. Do misti\u010dne Matere nas bo iz Barija peljala lokalna ozkotirna \u017eeleznica, kjer bomo skozi okna opazovali, kako se jadranska obala spreminja v hribovito pokrajino Bazilikata. Matera, eno najstarej\u0161ih nenehno naseljenih mest na svetu, nas bo osupnila s svojimi soseskami <em>Sassi<\/em>. Raziskovali bomo starodavna bivali\u0161\u010da in cerkve, vklesane neposredno v \u017eivo skalo. Sprehodili se bomo skozi prizori\u0161\u010da, kjer so snemali filme o Jamesu Bondu in Kristusov pasijon, ter odkrili, zakaj to mesto danes velja za enega najve\u010djih kulturnih biserov \u010dlove\u0161tva. Polni vtisov se bomo v ve\u010dernih urah vrnemo v na\u0161 mirni Monopoli. No\u010ditev.<\/p>\n\n\n\n<p><strong>5. DAN: SOBOTA (11. 7. 2026) BELA APULIJA: ALBEROBELLO, LOCOROTONDO IN OSTUNI (FAKULTATIVA)<\/strong><\/p>\n\n\n\n<p class=\"has-foreground-color has-text-color has-link-color wp-elements-ac953191888fb97de0b5bf861bd842d5\">Po zajtrku prost dan za u\u017eivanje na pla\u017ei ali raziskovanje notranjosti pete. Z organiziranim prevozom se bomo odpravili na raziskovanje najlep\u0161ih belih mest v notranjosti de\u017eele. Na\u0161 prvi postanek bo pravlji\u010dni Alberobello, kjer se bomo sprehodili med tiso\u010derimi sto\u017e\u010dastimi hi\u0161kami \u00bbtrulli\u00ab, ki so pod za\u0161\u010dito Unesca. Pot bomo nadaljevali v bli\u017enji Locorotondo, ki s svojo kro\u017eno obliko in sne\u017eno belimi fasadami velja za enega najbolj urejenih in slikovitih krajev v Italiji. Tam si bomo privo\u0161\u010dili kratek oddih za kavo z razgledom na olj\u010dne nasade. Za konec dneva pa nas \u010daka \u0161e obisk mogo\u010dnega Ostunija, ki kot bela krona kraljuje na hribu nad morjem. Sprehodili se bomo skozi labirint njegovih uli\u010dic, kjer se ble\u0161\u010de\u010da belina zidov me\u0161a z modrino vrat in oken. Pozno popoldne se bomo z na\u0161im prevozom udobno vrnili v Monopoli, ravno pravi \u010das za ve\u010derno kopanje. No\u010ditev.<\/p>\n\n\n\n<p><strong>6. DAN: NEDELJA (12. 7. 2026) PROST DAN ALI MORSKA AVANTURA V POLIGNANO (FAKULTATIVA)<\/strong><\/p>\n\n\n\n<p class=\"has-foreground-color has-text-color has-link-color wp-elements-c6922a1ae8bf0aa904c05090a947506e\">Po zajtrku dan za po\u010ditek na pla\u017ei. Za tiste, ki si \u017eelite do\u017eiveti obalo v polnem bli\u0161\u010du, pa priporo\u010damo fakultativni izlet z ladjico. Med plovbo bomo ob\u010dudovali apulijsko obalo, stare obrambne stolpe in skrite zalive. Prihod pod visoke pe\u010dine Polignana, kjer hi\u0161e visijo naravnost \u010dez rob. Z ladjico zapeljemo v morske jame, kar je pe\u0161 nemogo\u010de do\u017eiveti. Zasidramo se pred slavno pla\u017eo Lama Monachile. \u010cas za kopanje neposredno z ladje v kristalni vodi. Medtem ko se su\u0161imo na soncu, nam posadka postre\u017ee s tipi\u010dnim apulijskim prigrizkom (focaccia, taralli) in kozarcem hladnega prosecca ali lokalnega vina. Vrnitev v Monopoli. Izlet traja 3-3,5 ure. Popoldne prosto za u\u017eivanje ob kavi ali sladoledu. No\u010ditev.<\/p>\n\n\n\n<p><strong>7. DAN: PONEDELJEK (13. 7. 2026) LECCE &#8211; JU\u017dNE FIRENCE<\/strong><\/p>\n\n\n\n<p class=\"has-foreground-color has-text-color has-link-color wp-elements-5ce86233feb4d9484247e0217765d246\">Po zajtrku se bomo odpravili z udobnim direktnim vlakom proti jugu v Lecce, ki ga zaradi njegove izjemne arhitekture upravi\u010deno imenujejo \u00bbju\u017ene Firence\u00ab. Med enourno vo\u017enjo bomo skozi okna opazovali neskon\u010dne nasade tiso\u010dletnih oljk, ki so pravi za\u0161\u010ditni znak te pokrajine.<\/p>\n\n\n\n<p class=\"has-foreground-color has-text-color has-link-color wp-elements-e4b4a3b804033e7aeaeea5bd5b1332b6\">Po prihodu v Lecce bomo vstopili skozi mogo\u010dna mestna vrata v svet, kjer je lokalni kamen v rokah mojstrov postal podoben dragoceni \u010dipki. Sprehodili se bomo po veli\u010dastnem trgu Piazza del Duomo, ki velja za enega najlep\u0161ih zaprtih trgov v Italiji, ter ob\u010dudovali neverjetno fasado bazilike Santa Croce. Sredi sodobnega mestnega utripa bomo odkrili ostanke rimskega amfiteatra, nato pa si privo\u0161\u010dili \u010das za tipi\u010den lokalni prigrizek, kot je rustico leccese, in osve\u017eilno kavo z ledom in mandljevim mlekom.<\/p>\n\n\n\n<p class=\"has-foreground-color has-text-color has-link-color wp-elements-cd6312ced66a1fe2065d5b6af4e4720e\">\u0160e nekaj prostega \u010dasa za samostojno raziskovanje buti\u010dnih trgovin ali opazovanje mojstrov, ki \u0161e danes ro\u010dno izdelujejo unikatne predmete iz papirma\u0161eja. Polni vtisov o zlato-rumeni baro\u010dni eleganci se bomo v popoldanskih urah z vlakom vrnili v Monopoli, ravno pravi \u010das za spro\u0161\u010den ve\u010der ob morju. No\u010ditev.<\/p>\n\n\n\n<p><strong>8. DAN: TOREK (14. 7. 2026) TRANI: KATEDRALA NA MORJU<\/strong><\/p>\n\n\n\n<p class=\"has-foreground-color has-text-color has-link-color wp-elements-988f4f36f6e49e5ef49ed55289ce40ed\">Zadnji polni dan v Apuliji bomo po zajtrku namenili eleganci in miru ter se spro\u0161\u010deno odpravili proti severu v Trani. To mesto nas bo o\u010daralo s svojo svetlo romansko katedralo, ki stoji tik ob morski gladini in velja za eno najlep\u0161ih v Italiji. Sprehodili se bomo ob slikovitem pristani\u0161\u010du, kjer se prepletajo barve lesenih ribi\u0161kih \u010dolnov in presti\u017enih jadrnic, si privo\u0161\u010dili zadnji pravi italijanski &#8220;gelato&#8221; in u\u017eivali v utripu mesta, ki velja za skriti biser Jadrana. Popoldne se bomo vrnili v Monopoli, kjer bo \u010das za zadnje nakupe spominkov in poslovilno ve\u010derjo ob morju.<\/p>\n\n\n\n<p class=\"has-text-align-left has-foreground-color has-text-color has-link-color wp-elements-2d0ec85f8c02eb9344c23a83c2d671a0\"><strong>9. DAN: SREDA (15. 7. 2026) SLOVO OD JUGA IN POVRATEK<\/strong> <\/p>\n\n\n\n<p class=\"has-text-align-left has-foreground-color has-text-color has-link-color wp-elements-5b675c761236686cb8bc3b217111b34f\">Zjutraj si bomo privo\u0161\u010dili \u0161e zgodnji zadnji italijanski zajtrk in kratek sprehod do na\u0161e znane postaje v Monopoliju. Od tam se bomo z vlakom odpravili proti severu s prestopi v Bariju, Benetkah in Gradcu., kjer se bo na\u0161a pot vila vzdol\u017e jadranske obale. \u010cas za pravo spro\u0161\u010deno dru\u017eenje, kjer bomo strnili vtise na\u0161ega kraljevskega potovanja, ogled fotografij in na\u010drtovanje novih \u017eelezni\u0161kih avantur. Prihod domov v ve\u010dernih urah, ravno prav\u0161nja ura, da s seboj prinesemo ko\u0161\u010dek apulijskega sonca.<\/p>\n\n\n\n<p class=\"has-text-align-left has-content-heading-font-size\"><strong>Cena potovanja: (odhod Maribor): &nbsp;985,00 EUR na osebo \/ 695,00 EUR (starost do 12 let)<\/strong><\/p>\n\n\n\n<p class=\"has-text-align-left\"><strong><em><u>Dopla\u010dila za odhod: Ljubljana 20,00 EUR, Celje 12,00 EUR<\/u><\/em><\/strong><\/p>\n\n\n\n<p><\/p>\n\n\n\n<p><strong>CENA VKLJU\u010cUJE:<\/strong><\/p>\n\n\n\n<ul class=\"wp-block-list\">\n<li class=\"has-foreground-color has-text-color has-link-color wp-elements-ccc48df6293a7db112ba30a3be4f5336\">Vsi prevozi z vlaki po programu (vklju\u010dno z Nightjetom v sede\u017enem vagonu, hitrimi in lokalnimi vlaki),<\/li>\n\n\n\n<li class=\"has-foreground-color has-text-color has-link-color wp-elements-5992b9793ff6a2fe074f43025e335329\">7x no\u010ditev z zajtrkom v izbranem hotelu 4* v Monopoliju na lokaciji ob morju\/centru,<\/li>\n\n\n\n<li class=\"has-foreground-color has-text-color has-link-color wp-elements-e2b0c8eda82eb1c577dce17803e95d14\">vstopnica za sosesko Sassi di Matera z ogledom jamskega bivali\u0161\u010da in cerkve v skali,<\/li>\n\n\n\n<li class=\"has-foreground-color has-text-color has-link-color wp-elements-6c10cacf6844fd243617d20ac688f071\">rezervacije sede\u017eev na vseh vlakih<\/li>\n\n\n\n<li class=\"has-foreground-color has-text-color has-link-color wp-elements-1f03e75a700a15ac18d7f08f3be611c5\">profesionalno vodenje in organizacijo agencije RailTrip.<\/li>\n<\/ul>\n\n\n\n<p><strong>OBVEZNA DOPLA\u010cILA:<\/strong><\/p>\n\n\n\n<p class=\"has-foreground-color has-text-color has-link-color wp-elements-159307d7e0affedd61dec874fbc38c11\">prijavnina: 15 \u20ac na prijavo, Turisti\u010dne takse: 28 \u20ac (ob prijavi ali vodniku na poti)<\/p>\n\n\n\n<p><strong>MO\u017dNA DOPLA\u010cILA \u2013 po \u017eelji:<\/strong><\/p>\n\n\n\n<ul class=\"wp-block-list\">\n<li class=\"has-foreground-color has-text-color has-link-color wp-elements-04f8b8fbf264fa1229733eb76458d024\">Fakultativni izlet Alberobello, Locorotondo in Ostuni (prevoz, vodenje in vstopnica): 52,00 EUR<\/li>\n\n\n\n<li class=\"has-foreground-color has-text-color has-link-color wp-elements-26e47ae5269ca7aefe35edac7a5b76c0\">Fakultativni izlet z ladjico do Polignano al mare z aperitivom: 65,00 EUR<\/li>\n\n\n\n<li class=\"has-foreground-color has-text-color has-link-color wp-elements-7ab47f6c5b6db5d55bacaa5d1e83a168\">Namestitev v spalniku na no\u010dnem vlaku Gradec \u2013 Bologna (po ceniku prevoznika ob rezervaciji)<\/li>\n\n\n\n<li class=\"has-foreground-color has-text-color has-link-color wp-elements-f8b8cb261ae783d035cc98398d4f1065\">Enoposteljna soba v hotelu (dopla\u010dilo 320 EUR)<\/li>\n\n\n\n<li class=\"has-foreground-color has-text-color has-link-color wp-elements-27d442d537373669787b66877d20d85d\">Riziko odpovedi 5% kon\u010dne cene (50 EUR), zdravstveno zavarovanje z asistenco<\/li>\n<\/ul>\n\n\n\n<p><strong>Splo\u0161ni pogoji so sestavni del programa!<\/strong><\/p>\n\n\n\n<figure class=\"wp-block-image size-full is-resized\"><img loading=\"lazy\" decoding=\"async\" width=\"1024\" height=\"572\" src=\"https:\/\/railtrip.si\/wp-content\/uploads\/2026\/01\/kalabrija-apulija-1.jpg\" alt=\"\" class=\"wp-image-112\" style=\"aspect-ratio:1.7902802819209966;width:1397px;height:auto\" srcset=\"https:\/\/railtrip.si\/wp-content\/uploads\/2026\/01\/kalabrija-apulija-1.jpg 1024w, https:\/\/railtrip.si\/wp-content\/uploads\/2026\/01\/kalabrija-apulija-1-300x168.jpg 300w, https:\/\/railtrip.si\/wp-content\/uploads\/2026\/01\/kalabrija-apulija-1-768x429.jpg 768w\" sizes=\"auto, (max-width: 1024px) 100vw, 1024px\" \/><\/figure>\n","protected":false},"excerpt":{"rendered":"<p>KRALJEVSKO DOPUSTOVANJE OB PE\u0160\u010cENIH PLA\u017dAH IN BELIH MESTIH 7. 7. \u2013 15. 7. 2026 Ste pripravljeni na potovanje, kjer se \u010das upo\u010dasni ob \u0161umu valov in ritmu tirnic? Pozabite na nenehno pakiranje kov\u010dkov, selitve med hoteli in vro\u010dino v avtobusih. Agencija RailTrip vas vabi, da do\u017eivite peto italijanskega \u0161kornja tako, kot se spodobi \u2013 spro\u0161\u010deno, [&hellip;]<\/p>\n","protected":false},"author":1,"featured_media":111,"parent":0,"menu_order":0,"comment_status":"closed","ping_status":"closed","template":"","meta":{"footnotes":""},"class_list":["post-161","page","type-page","status-publish","has-post-thumbnail","hentry"],"_links":{"self":[{"href":"https:\/\/railtrip.si\/index.php\/wp-json\/wp\/v2\/pages\/161","targetHints":{"allow":["GET"]}}],"collection":[{"href":"https:\/\/railtrip.si\/index.php\/wp-json\/wp\/v2\/pages"}],"about":[{"href":"https:\/\/railtrip.si\/index.php\/wp-json\/wp\/v2\/types\/page"}],"author":[{"embeddable":true,"href":"https:\/\/railtrip.si\/index.php\/wp-json\/wp\/v2\/users\/1"}],"replies":[{"embeddable":true,"href":"https:\/\/railtrip.si\/index.php\/wp-json\/wp\/v2\/comments?post=161"}],"version-history":[{"count":3,"href":"https:\/\/railtrip.si\/index.php\/wp-json\/wp\/v2\/pages\/161\/revisions"}],"predecessor-version":[{"id":185,"href":"https:\/\/railtrip.si\/index.php\/wp-json\/wp\/v2\/pages\/161\/revisions\/185"}],"wp:featuredmedia":[{"embeddable":true,"href":"https:\/\/railtrip.si\/index.php\/wp-json\/wp\/v2\/media\/111"}],"wp:attachment":[{"href":"https:\/\/railtrip.si\/index.php\/wp-json\/wp\/v2\/media?parent=161"}],"curies":[{"name":"wp","href":"https:\/\/api.w.org\/{rel}","templated":true}]}}